{"id":1006,"date":"2014-03-11T10:19:48","date_gmt":"2014-03-11T10:19:48","guid":{"rendered":"http:\/\/weblusive-themes.com\/tempcore\/?page_id=1006"},"modified":"2019-10-30T13:54:35","modified_gmt":"2019-10-30T10:54:35","slug":"home-1-default","status":"publish","type":"page","link":"https:\/\/filmsandigital.com\/","title":{"rendered":"Anasayfa"},"content":{"rendered":"<div class=\"container\" style=\"text-align: center;\"><div class=\"row\"><br \/>\n<div class=\"title-section \">\n\t\t\t\t\t<div class=\"container animation bounceIn \" >\n\t\t\t\t\t\t<h1>SON EKLENEN \u00dcR\u00dcNLER<\/h1>\n\t\t\t\t\t\t<p>Filmsan Digital<\/p>\t\t\t\t\t\t\n\t\t\t\t\t<\/div>\n\t\t\t\t<\/div><br \/>\n<div id=\"owl-demo\" class=\"owl-carousel owl-theme animation  \" ><div class=\"item project-post\"><img width=\"300\" height=\"300\" src=\"https:\/\/filmsandigital.com\/wp-content\/uploads\/2014\/07\/kisiyeozel_davetiye5-300x300.jpg\" class=\"attachment-medium size-medium wp-post-image\" alt=\"\" loading=\"lazy\" srcset=\"https:\/\/filmsandigital.com\/wp-content\/uploads\/2014\/07\/kisiyeozel_davetiye5-300x300.jpg 300w, https:\/\/filmsandigital.com\/wp-content\/uploads\/2014\/07\/kisiyeozel_davetiye5-150x150.jpg 150w, https:\/\/filmsandigital.com\/wp-content\/uploads\/2014\/07\/kisiyeozel_davetiye5-1024x1024.jpg 1024w, https:\/\/filmsandigital.com\/wp-content\/uploads\/2014\/07\/kisiyeozel_davetiye5-848x848.jpg 848w, https:\/\/filmsandigital.com\/wp-content\/uploads\/2014\/07\/kisiyeozel_davetiye5-45x45.jpg 45w, https:\/\/filmsandigital.com\/wp-content\/uploads\/2014\/07\/kisiyeozel_davetiye5.jpg 1200w\" sizes=\"(max-width: 300px) 100vw, 300px\" \/><div class=\"hover-box\">\n\t\t\t\t\t\t\t\t\t <div class=\"inner-hover-box\">\n\t\t\t\t\t\t\t\t\t <h2>Davetiye<\/h2>\n\t\t\t\t\t\t\t\t\t <p><\/p><a href=\"https:\/\/filmsandigital.com\/?portfolio=davetiye-13\" class=\"link\" title=\"Davetiye\">\n\t\t\t\t\t\t\t\t\t\t\t<i class=\"fa fa-file-o \"><\/i>\n                                                                                        \n\t\t\t\t\t\t\t\t\t\t<\/a>\t<a href=\"https:\/\/filmsandigital.com\/wp-content\/uploads\/2014\/07\/kisiyeozel_davetiye5.jpg\" class=\"zoom\" title=\"Davetiye\">\n\t\t\t\t\t\t\t\t\t\t\t<i class=\"fa fa-search\"><\/i>\n\t\t\t\t\t\t\t\t\t\t<\/a><\/div><\/div><\/div><div class=\"item project-post\"><img width=\"300\" height=\"200\" src=\"https:\/\/filmsandigital.com\/wp-content\/uploads\/2015\/06\/071-300x200.jpg\" class=\"attachment-medium size-medium wp-post-image\" alt=\"\" loading=\"lazy\" srcset=\"https:\/\/filmsandigital.com\/wp-content\/uploads\/2015\/06\/071-300x200.jpg 300w, https:\/\/filmsandigital.com\/wp-content\/uploads\/2015\/06\/071-1024x682.jpg 1024w\" sizes=\"(max-width: 300px) 100vw, 300px\" \/><div class=\"hover-box\">\n\t\t\t\t\t\t\t\t\t <div class=\"inner-hover-box\">\n\t\t\t\t\t\t\t\t\t <h2>\u015eeffaf Kartvizit<\/h2>\n\t\t\t\t\t\t\t\t\t <p><\/p>\t<a href=\"https:\/\/filmsandigital.com\/wp-content\/uploads\/2015\/06\/071.jpg\" class=\"zoom\" title=\"\u015eeffaf Kartvizit\">\n\t\t\t\t\t\t\t\t\t\t\t<i class=\"fa fa-search\"><\/i>\n\t\t\t\t\t\t\t\t\t\t<\/a><\/div><\/div><\/div><div class=\"item project-post\"><img width=\"300\" height=\"300\" src=\"https:\/\/filmsandigital.com\/wp-content\/uploads\/2014\/11\/katalog-afad-300x300.png\" class=\"attachment-medium size-medium wp-post-image\" alt=\"\" loading=\"lazy\" srcset=\"https:\/\/filmsandigital.com\/wp-content\/uploads\/2014\/11\/katalog-afad-300x300.png 300w, https:\/\/filmsandigital.com\/wp-content\/uploads\/2014\/11\/katalog-afad-150x150.png 150w, https:\/\/filmsandigital.com\/wp-content\/uploads\/2014\/11\/katalog-afad-848x848.png 848w, https:\/\/filmsandigital.com\/wp-content\/uploads\/2014\/11\/katalog-afad-45x45.png 45w, https:\/\/filmsandigital.com\/wp-content\/uploads\/2014\/11\/katalog-afad.png 1020w\" sizes=\"(max-width: 300px) 100vw, 300px\" \/><div class=\"hover-box\">\n\t\t\t\t\t\t\t\t\t <div class=\"inner-hover-box\">\n\t\t\t\t\t\t\t\t\t <h2>Faaliyet Raporu<\/h2>\n\t\t\t\t\t\t\t\t\t <p><\/p><a href=\"https:\/\/filmsandigital.com\/?portfolio=2101\" class=\"link\" title=\"Faaliyet Raporu\">\n\t\t\t\t\t\t\t\t\t\t\t<i class=\"fa fa-file-o \"><\/i>\n                                                                                        \n\t\t\t\t\t\t\t\t\t\t<\/a>\t<a href=\"https:\/\/filmsandigital.com\/wp-content\/uploads\/2014\/11\/katalog-afad.png\" class=\"zoom\" title=\"Faaliyet Raporu\">\n\t\t\t\t\t\t\t\t\t\t\t<i class=\"fa fa-search\"><\/i>\n\t\t\t\t\t\t\t\t\t\t<\/a><\/div><\/div><\/div><div class=\"item project-post\"><img width=\"300\" height=\"300\" src=\"https:\/\/filmsandigital.com\/wp-content\/uploads\/2014\/06\/katalog_brosur_brosurler1-300x300.jpg\" class=\"attachment-medium size-medium wp-post-image\" alt=\"\" loading=\"lazy\" srcset=\"https:\/\/filmsandigital.com\/wp-content\/uploads\/2014\/06\/katalog_brosur_brosurler1-300x300.jpg 300w, https:\/\/filmsandigital.com\/wp-content\/uploads\/2014\/06\/katalog_brosur_brosurler1-150x150.jpg 150w, https:\/\/filmsandigital.com\/wp-content\/uploads\/2014\/06\/katalog_brosur_brosurler1-1024x1024.jpg 1024w, https:\/\/filmsandigital.com\/wp-content\/uploads\/2014\/06\/katalog_brosur_brosurler1-848x848.jpg 848w, https:\/\/filmsandigital.com\/wp-content\/uploads\/2014\/06\/katalog_brosur_brosurler1-45x45.jpg 45w, https:\/\/filmsandigital.com\/wp-content\/uploads\/2014\/06\/katalog_brosur_brosurler1.jpg 1200w\" sizes=\"(max-width: 300px) 100vw, 300px\" \/><div class=\"hover-box\">\n\t\t\t\t\t\t\t\t\t <div class=\"inner-hover-box\">\n\t\t\t\t\t\t\t\t\t <h2>Bro\u015f\u00fcr<\/h2>\n\t\t\t\t\t\t\t\t\t <p><\/p><a href=\"https:\/\/filmsandigital.com\/?portfolio=brosur-3\" class=\"link\" title=\"Bro\u015f\u00fcr\">\n\t\t\t\t\t\t\t\t\t\t\t<i class=\"fa fa-file-o \"><\/i>\n                                                                                        \n\t\t\t\t\t\t\t\t\t\t<\/a>\t<a href=\"https:\/\/filmsandigital.com\/wp-content\/uploads\/2014\/06\/katalog_brosur_brosurler1.jpg\" class=\"zoom\" title=\"Bro\u015f\u00fcr\">\n\t\t\t\t\t\t\t\t\t\t\t<i class=\"fa fa-search\"><\/i>\n\t\t\t\t\t\t\t\t\t\t<\/a><\/div><\/div><\/div><div class=\"item project-post\"><img width=\"300\" height=\"300\" src=\"https:\/\/filmsandigital.com\/wp-content\/uploads\/2014\/07\/kisiyeozel_davetiye6-300x300.jpg\" class=\"attachment-medium size-medium wp-post-image\" alt=\"\" loading=\"lazy\" srcset=\"https:\/\/filmsandigital.com\/wp-content\/uploads\/2014\/07\/kisiyeozel_davetiye6-300x300.jpg 300w, https:\/\/filmsandigital.com\/wp-content\/uploads\/2014\/07\/kisiyeozel_davetiye6-150x150.jpg 150w, https:\/\/filmsandigital.com\/wp-content\/uploads\/2014\/07\/kisiyeozel_davetiye6-1024x1024.jpg 1024w, https:\/\/filmsandigital.com\/wp-content\/uploads\/2014\/07\/kisiyeozel_davetiye6-848x848.jpg 848w, https:\/\/filmsandigital.com\/wp-content\/uploads\/2014\/07\/kisiyeozel_davetiye6-45x45.jpg 45w, https:\/\/filmsandigital.com\/wp-content\/uploads\/2014\/07\/kisiyeozel_davetiye6.jpg 1200w\" sizes=\"(max-width: 300px) 100vw, 300px\" \/><div class=\"hover-box\">\n\t\t\t\t\t\t\t\t\t <div class=\"inner-hover-box\">\n\t\t\t\t\t\t\t\t\t <h2>Davetiye<\/h2>\n\t\t\t\t\t\t\t\t\t <p><\/p><a href=\"https:\/\/filmsandigital.com\/?portfolio=davetiye-12\" class=\"link\" title=\"Davetiye\">\n\t\t\t\t\t\t\t\t\t\t\t<i class=\"fa fa-file-o \"><\/i>\n                                                                                        \n\t\t\t\t\t\t\t\t\t\t<\/a>\t<a href=\"https:\/\/filmsandigital.com\/wp-content\/uploads\/2014\/07\/kisiyeozel_davetiye6.jpg\" class=\"zoom\" title=\"Davetiye\">\n\t\t\t\t\t\t\t\t\t\t\t<i class=\"fa fa-search\"><\/i>\n\t\t\t\t\t\t\t\t\t\t<\/a><\/div><\/div><\/div><div class=\"item project-post\"><img width=\"300\" height=\"300\" src=\"https:\/\/filmsandigital.com\/wp-content\/uploads\/2014\/06\/katalog_brosur_katalog5-300x300.jpg\" class=\"attachment-medium size-medium wp-post-image\" alt=\"\" loading=\"lazy\" srcset=\"https:\/\/filmsandigital.com\/wp-content\/uploads\/2014\/06\/katalog_brosur_katalog5-300x300.jpg 300w, https:\/\/filmsandigital.com\/wp-content\/uploads\/2014\/06\/katalog_brosur_katalog5-150x150.jpg 150w, https:\/\/filmsandigital.com\/wp-content\/uploads\/2014\/06\/katalog_brosur_katalog5-1024x1024.jpg 1024w, https:\/\/filmsandigital.com\/wp-content\/uploads\/2014\/06\/katalog_brosur_katalog5-848x848.jpg 848w, https:\/\/filmsandigital.com\/wp-content\/uploads\/2014\/06\/katalog_brosur_katalog5-45x45.jpg 45w, https:\/\/filmsandigital.com\/wp-content\/uploads\/2014\/06\/katalog_brosur_katalog5.jpg 1200w\" sizes=\"(max-width: 300px) 100vw, 300px\" \/><div class=\"hover-box\">\n\t\t\t\t\t\t\t\t\t <div class=\"inner-hover-box\">\n\t\t\t\t\t\t\t\t\t <h2>Katalog<\/h2>\n\t\t\t\t\t\t\t\t\t <p><\/p><a href=\"https:\/\/filmsandigital.com\/?portfolio=katalog-7\" class=\"link\" title=\"Katalog\">\n\t\t\t\t\t\t\t\t\t\t\t<i class=\"fa fa-file-o \"><\/i>\n                                                                                        \n\t\t\t\t\t\t\t\t\t\t<\/a>\t<a href=\"https:\/\/filmsandigital.com\/wp-content\/uploads\/2014\/06\/katalog_brosur_katalog5.jpg\" class=\"zoom\" title=\"Katalog\">\n\t\t\t\t\t\t\t\t\t\t\t<i class=\"fa fa-search\"><\/i>\n\t\t\t\t\t\t\t\t\t\t<\/a><\/div><\/div><\/div><div class=\"item project-post\"><img width=\"300\" height=\"300\" src=\"https:\/\/filmsandigital.com\/wp-content\/uploads\/2014\/07\/kisiyeozel_davetiye12-300x300.jpg\" class=\"attachment-medium size-medium wp-post-image\" alt=\"\" loading=\"lazy\" srcset=\"https:\/\/filmsandigital.com\/wp-content\/uploads\/2014\/07\/kisiyeozel_davetiye12-300x300.jpg 300w, https:\/\/filmsandigital.com\/wp-content\/uploads\/2014\/07\/kisiyeozel_davetiye12-150x150.jpg 150w, https:\/\/filmsandigital.com\/wp-content\/uploads\/2014\/07\/kisiyeozel_davetiye12-1024x1024.jpg 1024w, https:\/\/filmsandigital.com\/wp-content\/uploads\/2014\/07\/kisiyeozel_davetiye12-848x848.jpg 848w, https:\/\/filmsandigital.com\/wp-content\/uploads\/2014\/07\/kisiyeozel_davetiye12-45x45.jpg 45w, https:\/\/filmsandigital.com\/wp-content\/uploads\/2014\/07\/kisiyeozel_davetiye12.jpg 1200w\" sizes=\"(max-width: 300px) 100vw, 300px\" \/><div class=\"hover-box\">\n\t\t\t\t\t\t\t\t\t <div class=\"inner-hover-box\">\n\t\t\t\t\t\t\t\t\t <h2>Davetiye<\/h2>\n\t\t\t\t\t\t\t\t\t <p><\/p><a href=\"https:\/\/filmsandigital.com\/?portfolio=davetiye-6\" class=\"link\" title=\"Davetiye\">\n\t\t\t\t\t\t\t\t\t\t\t<i class=\"fa fa-file-o \"><\/i>\n                                                                                        \n\t\t\t\t\t\t\t\t\t\t<\/a>\t<a href=\"https:\/\/filmsandigital.com\/wp-content\/uploads\/2014\/07\/kisiyeozel_davetiye12.jpg\" class=\"zoom\" title=\"Davetiye\">\n\t\t\t\t\t\t\t\t\t\t\t<i class=\"fa fa-search\"><\/i>\n\t\t\t\t\t\t\t\t\t\t<\/a><\/div><\/div><\/div><div class=\"item project-post\"><img width=\"300\" height=\"300\" src=\"https:\/\/filmsandigital.com\/wp-content\/uploads\/2014\/07\/kisiyeozel_defter_f16-300x300.jpg\" class=\"attachment-medium size-medium wp-post-image\" alt=\"\" loading=\"lazy\" srcset=\"https:\/\/filmsandigital.com\/wp-content\/uploads\/2014\/07\/kisiyeozel_defter_f16-300x300.jpg 300w, https:\/\/filmsandigital.com\/wp-content\/uploads\/2014\/07\/kisiyeozel_defter_f16-150x150.jpg 150w, https:\/\/filmsandigital.com\/wp-content\/uploads\/2014\/07\/kisiyeozel_defter_f16-1024x1024.jpg 1024w, https:\/\/filmsandigital.com\/wp-content\/uploads\/2014\/07\/kisiyeozel_defter_f16-848x848.jpg 848w, https:\/\/filmsandigital.com\/wp-content\/uploads\/2014\/07\/kisiyeozel_defter_f16-45x45.jpg 45w, https:\/\/filmsandigital.com\/wp-content\/uploads\/2014\/07\/kisiyeozel_defter_f16.jpg 1200w\" sizes=\"(max-width: 300px) 100vw, 300px\" \/><div class=\"hover-box\">\n\t\t\t\t\t\t\t\t\t <div class=\"inner-hover-box\">\n\t\t\t\t\t\t\t\t\t <h2>Defter<\/h2>\n\t\t\t\t\t\t\t\t\t <p><\/p><a href=\"https:\/\/filmsandigital.com\/?portfolio=defter-10\" class=\"link\" title=\"Defter\">\n\t\t\t\t\t\t\t\t\t\t\t<i class=\"fa fa-file-o \"><\/i>\n                                                                                        \n\t\t\t\t\t\t\t\t\t\t<\/a>\t<a href=\"https:\/\/filmsandigital.com\/wp-content\/uploads\/2014\/07\/kisiyeozel_defter_f16.jpg\" class=\"zoom\" title=\"Defter\">\n\t\t\t\t\t\t\t\t\t\t\t<i class=\"fa fa-search\"><\/i>\n\t\t\t\t\t\t\t\t\t\t<\/a><\/div><\/div><\/div><div class=\"item project-post\"><img width=\"300\" height=\"300\" src=\"https:\/\/filmsandigital.com\/wp-content\/uploads\/2014\/07\/kisiyeozel_davetiye9-300x300.jpg\" class=\"attachment-medium size-medium wp-post-image\" alt=\"\" loading=\"lazy\" srcset=\"https:\/\/filmsandigital.com\/wp-content\/uploads\/2014\/07\/kisiyeozel_davetiye9-300x300.jpg 300w, https:\/\/filmsandigital.com\/wp-content\/uploads\/2014\/07\/kisiyeozel_davetiye9-150x150.jpg 150w, https:\/\/filmsandigital.com\/wp-content\/uploads\/2014\/07\/kisiyeozel_davetiye9-1024x1024.jpg 1024w, https:\/\/filmsandigital.com\/wp-content\/uploads\/2014\/07\/kisiyeozel_davetiye9-848x848.jpg 848w, https:\/\/filmsandigital.com\/wp-content\/uploads\/2014\/07\/kisiyeozel_davetiye9-45x45.jpg 45w, https:\/\/filmsandigital.com\/wp-content\/uploads\/2014\/07\/kisiyeozel_davetiye9.jpg 1200w\" sizes=\"(max-width: 300px) 100vw, 300px\" \/><div class=\"hover-box\">\n\t\t\t\t\t\t\t\t\t <div class=\"inner-hover-box\">\n\t\t\t\t\t\t\t\t\t <h2>Davetiye<\/h2>\n\t\t\t\t\t\t\t\t\t <p><\/p><a href=\"https:\/\/filmsandigital.com\/?portfolio=davetiye-9\" class=\"link\" title=\"Davetiye\">\n\t\t\t\t\t\t\t\t\t\t\t<i class=\"fa fa-file-o \"><\/i>\n                                                                                        \n\t\t\t\t\t\t\t\t\t\t<\/a>\t<a href=\"https:\/\/filmsandigital.com\/wp-content\/uploads\/2014\/07\/kisiyeozel_davetiye9.jpg\" class=\"zoom\" title=\"Davetiye\">\n\t\t\t\t\t\t\t\t\t\t\t<i class=\"fa fa-search\"><\/i>\n\t\t\t\t\t\t\t\t\t\t<\/a><\/div><\/div><\/div><div class=\"item project-post\"><img width=\"300\" height=\"300\" src=\"https:\/\/filmsandigital.com\/wp-content\/uploads\/2014\/07\/afis2-300x300.jpg\" class=\"attachment-medium size-medium wp-post-image\" alt=\"\" loading=\"lazy\" srcset=\"https:\/\/filmsandigital.com\/wp-content\/uploads\/2014\/07\/afis2-300x300.jpg 300w, https:\/\/filmsandigital.com\/wp-content\/uploads\/2014\/07\/afis2-150x150.jpg 150w, https:\/\/filmsandigital.com\/wp-content\/uploads\/2014\/07\/afis2-1024x1024.jpg 1024w, https:\/\/filmsandigital.com\/wp-content\/uploads\/2014\/07\/afis2-848x848.jpg 848w, https:\/\/filmsandigital.com\/wp-content\/uploads\/2014\/07\/afis2-45x45.jpg 45w, https:\/\/filmsandigital.com\/wp-content\/uploads\/2014\/07\/afis2.jpg 1200w\" sizes=\"(max-width: 300px) 100vw, 300px\" \/><div class=\"hover-box\">\n\t\t\t\t\t\t\t\t\t <div class=\"inner-hover-box\">\n\t\t\t\t\t\t\t\t\t <h2>Afi\u015f<\/h2>\n\t\t\t\t\t\t\t\t\t <p><\/p><a href=\"https:\/\/filmsandigital.com\/?portfolio=afis-8\" class=\"link\" title=\"Afi\u015f\">\n\t\t\t\t\t\t\t\t\t\t\t<i class=\"fa fa-file-o \"><\/i>\n                                                                                        \n\t\t\t\t\t\t\t\t\t\t<\/a>\t<a href=\"https:\/\/filmsandigital.com\/wp-content\/uploads\/2014\/07\/afis2.jpg\" class=\"zoom\" title=\"Afi\u015f\">\n\t\t\t\t\t\t\t\t\t\t\t<i class=\"fa fa-search\"><\/i>\n\t\t\t\t\t\t\t\t\t\t<\/a><\/div><\/div><\/div><div class=\"item project-post\"><img width=\"300\" height=\"300\" src=\"https:\/\/filmsandigital.com\/wp-content\/uploads\/2014\/06\/katalog_brosur_katalog6-300x300.jpg\" class=\"attachment-medium size-medium wp-post-image\" alt=\"\" loading=\"lazy\" srcset=\"https:\/\/filmsandigital.com\/wp-content\/uploads\/2014\/06\/katalog_brosur_katalog6-300x300.jpg 300w, https:\/\/filmsandigital.com\/wp-content\/uploads\/2014\/06\/katalog_brosur_katalog6-150x150.jpg 150w, https:\/\/filmsandigital.com\/wp-content\/uploads\/2014\/06\/katalog_brosur_katalog6-1024x1024.jpg 1024w, https:\/\/filmsandigital.com\/wp-content\/uploads\/2014\/06\/katalog_brosur_katalog6-848x848.jpg 848w, https:\/\/filmsandigital.com\/wp-content\/uploads\/2014\/06\/katalog_brosur_katalog6-45x45.jpg 45w, https:\/\/filmsandigital.com\/wp-content\/uploads\/2014\/06\/katalog_brosur_katalog6.jpg 1200w\" sizes=\"(max-width: 300px) 100vw, 300px\" \/><div class=\"hover-box\">\n\t\t\t\t\t\t\t\t\t <div class=\"inner-hover-box\">\n\t\t\t\t\t\t\t\t\t <h2>Katalog<\/h2>\n\t\t\t\t\t\t\t\t\t <p><\/p><a href=\"https:\/\/filmsandigital.com\/?portfolio=katalog-13\" class=\"link\" title=\"Katalog\">\n\t\t\t\t\t\t\t\t\t\t\t<i class=\"fa fa-file-o \"><\/i>\n                                                                                        \n\t\t\t\t\t\t\t\t\t\t<\/a>\t<a href=\"https:\/\/filmsandigital.com\/wp-content\/uploads\/2014\/06\/katalog_brosur_katalog6.jpg\" class=\"zoom\" title=\"Katalog\">\n\t\t\t\t\t\t\t\t\t\t\t<i class=\"fa fa-search\"><\/i>\n\t\t\t\t\t\t\t\t\t\t<\/a><\/div><\/div><\/div><div class=\"item project-post\"><img width=\"300\" height=\"300\" src=\"https:\/\/filmsandigital.com\/wp-content\/uploads\/2014\/07\/kisiyeozel_davetiye13-300x300.jpg\" class=\"attachment-medium size-medium wp-post-image\" alt=\"\" loading=\"lazy\" srcset=\"https:\/\/filmsandigital.com\/wp-content\/uploads\/2014\/07\/kisiyeozel_davetiye13-300x300.jpg 300w, https:\/\/filmsandigital.com\/wp-content\/uploads\/2014\/07\/kisiyeozel_davetiye13-150x150.jpg 150w, https:\/\/filmsandigital.com\/wp-content\/uploads\/2014\/07\/kisiyeozel_davetiye13-1024x1024.jpg 1024w, https:\/\/filmsandigital.com\/wp-content\/uploads\/2014\/07\/kisiyeozel_davetiye13-848x848.jpg 848w, https:\/\/filmsandigital.com\/wp-content\/uploads\/2014\/07\/kisiyeozel_davetiye13-45x45.jpg 45w, https:\/\/filmsandigital.com\/wp-content\/uploads\/2014\/07\/kisiyeozel_davetiye13.jpg 1200w\" sizes=\"(max-width: 300px) 100vw, 300px\" \/><div class=\"hover-box\">\n\t\t\t\t\t\t\t\t\t <div class=\"inner-hover-box\">\n\t\t\t\t\t\t\t\t\t <h2>Davetiye<\/h2>\n\t\t\t\t\t\t\t\t\t <p><\/p><a href=\"https:\/\/filmsandigital.com\/?portfolio=davetiye-5\" class=\"link\" title=\"Davetiye\">\n\t\t\t\t\t\t\t\t\t\t\t<i class=\"fa fa-file-o \"><\/i>\n                                                                                        \n\t\t\t\t\t\t\t\t\t\t<\/a>\t<a href=\"https:\/\/filmsandigital.com\/wp-content\/uploads\/2014\/07\/kisiyeozel_davetiye13.jpg\" class=\"zoom\" title=\"Davetiye\">\n\t\t\t\t\t\t\t\t\t\t\t<i class=\"fa fa-search\"><\/i>\n\t\t\t\t\t\t\t\t\t\t<\/a><\/div><\/div><\/div><div class=\"item project-post\"><img width=\"300\" height=\"300\" src=\"https:\/\/filmsandigital.com\/wp-content\/uploads\/2014\/07\/etiketler2-300x300.jpg\" class=\"attachment-medium size-medium wp-post-image\" alt=\"\" loading=\"lazy\" srcset=\"https:\/\/filmsandigital.com\/wp-content\/uploads\/2014\/07\/etiketler2-300x300.jpg 300w, https:\/\/filmsandigital.com\/wp-content\/uploads\/2014\/07\/etiketler2-150x150.jpg 150w, https:\/\/filmsandigital.com\/wp-content\/uploads\/2014\/07\/etiketler2-1024x1024.jpg 1024w, https:\/\/filmsandigital.com\/wp-content\/uploads\/2014\/07\/etiketler2-848x848.jpg 848w, https:\/\/filmsandigital.com\/wp-content\/uploads\/2014\/07\/etiketler2-45x45.jpg 45w, https:\/\/filmsandigital.com\/wp-content\/uploads\/2014\/07\/etiketler2.jpg 1200w\" sizes=\"(max-width: 300px) 100vw, 300px\" \/><div class=\"hover-box\">\n\t\t\t\t\t\t\t\t\t <div class=\"inner-hover-box\">\n\t\t\t\t\t\t\t\t\t <h2>Etiket<\/h2>\n\t\t\t\t\t\t\t\t\t <p><\/p><a href=\"https:\/\/filmsandigital.com\/?portfolio=etiket-2\" class=\"link\" title=\"Etiket\">\n\t\t\t\t\t\t\t\t\t\t\t<i class=\"fa fa-file-o \"><\/i>\n                                                                                        \n\t\t\t\t\t\t\t\t\t\t<\/a>\t<a href=\"https:\/\/filmsandigital.com\/wp-content\/uploads\/2014\/07\/etiketler2.jpg\" class=\"zoom\" title=\"Etiket\">\n\t\t\t\t\t\t\t\t\t\t\t<i class=\"fa fa-search\"><\/i>\n\t\t\t\t\t\t\t\t\t\t<\/a><\/div><\/div><\/div><div class=\"item project-post\"><img width=\"300\" height=\"200\" src=\"https:\/\/filmsandigital.com\/wp-content\/uploads\/2015\/06\/08-300x200.jpg\" class=\"attachment-medium size-medium wp-post-image\" alt=\"\" loading=\"lazy\" srcset=\"https:\/\/filmsandigital.com\/wp-content\/uploads\/2015\/06\/08-300x200.jpg 300w, https:\/\/filmsandigital.com\/wp-content\/uploads\/2015\/06\/08-1024x682.jpg 1024w\" sizes=\"(max-width: 300px) 100vw, 300px\" \/><div class=\"hover-box\">\n\t\t\t\t\t\t\t\t\t <div class=\"inner-hover-box\">\n\t\t\t\t\t\t\t\t\t <h2>\u015eeffaf Kartvizit<\/h2>\n\t\t\t\t\t\t\t\t\t <p><\/p>\t<a href=\"https:\/\/filmsandigital.com\/wp-content\/uploads\/2015\/06\/08.jpg\" class=\"zoom\" title=\"\u015eeffaf Kartvizit\">\n\t\t\t\t\t\t\t\t\t\t\t<i class=\"fa fa-search\"><\/i>\n\t\t\t\t\t\t\t\t\t\t<\/a><\/div><\/div><\/div><div class=\"item project-post\"><img width=\"300\" height=\"200\" src=\"https:\/\/filmsandigital.com\/wp-content\/uploads\/2015\/06\/13-300x200.jpg\" class=\"attachment-medium size-medium wp-post-image\" alt=\"\" loading=\"lazy\" srcset=\"https:\/\/filmsandigital.com\/wp-content\/uploads\/2015\/06\/13-300x200.jpg 300w, https:\/\/filmsandigital.com\/wp-content\/uploads\/2015\/06\/13-1024x682.jpg 1024w, https:\/\/filmsandigital.com\/wp-content\/uploads\/2015\/06\/13-e1435328660727.jpg 1200w\" sizes=\"(max-width: 300px) 100vw, 300px\" \/><div class=\"hover-box\">\n\t\t\t\t\t\t\t\t\t <div class=\"inner-hover-box\">\n\t\t\t\t\t\t\t\t\t <h2>\u015eeffaf Kartvizit<\/h2>\n\t\t\t\t\t\t\t\t\t <p><\/p><a href=\"https:\/\/filmsandigital.com\/?portfolio=seffaf-kartvizit-12\" class=\"link\" title=\"\u015eeffaf Kartvizit\">\n\t\t\t\t\t\t\t\t\t\t\t<i class=\"fa fa-file-o \"><\/i>\n                                                                                        \n\t\t\t\t\t\t\t\t\t\t<\/a>\t<a href=\"https:\/\/filmsandigital.com\/wp-content\/uploads\/2015\/06\/13-e1435328660727.jpg\" class=\"zoom\" title=\"\u015eeffaf Kartvizit\">\n\t\t\t\t\t\t\t\t\t\t\t<i class=\"fa fa-search\"><\/i>\n\t\t\t\t\t\t\t\t\t\t<\/a><\/div><\/div><\/div><\/div><br \/>\n<\/div><div class=\"row\"><br \/>\n<div class=\"title-section \">\n\t\t\t\t\t<div class=\"container animation bounceIn \" >\n\t\t\t\t\t\t<h1>NE YAPIYORUZ<\/h1>\n\t\t\t\t\t\t<p><br \/>\nDijital olarak haz\u0131rlanan dosyalar\u0131n\u0131z bas\u0327ar\u0131l\u0131 bir bask\u0131 su\u0308recinden sonra sizlere teslim edilmektedir.<br \/>\nAcil bask\u0131 ihtiyac\u0327lar\u0131n\u0131z Filmsan Digital ekibi taraf\u0131ndan dikkatli ve h\u0131zl\u0131 bir s\u0327ekilde haz\u0131rlanmaktad\u0131r. Mu\u0308s\u0327terilerimizle bask\u0131 o\u0308ncesinde gerekli tu\u0308m ayr\u0131nt\u0131lar paylas\u0327\u0131larak onlar\u0131n dog\u0306ru bir bask\u0131 su\u0308reci yas\u0327amalar\u0131n\u0131 sag\u0306lar\u0131z.<br \/>\nFilmsan Digital yenilikc\u0327i fikir ve c\u0327o\u0308zu\u0308mleri (one to one marketing v.b.) ile mu\u0308s\u0327terilerine farkl\u0131 bir deneyim sunmay\u0131 amac\u0327lamaktad\u0131r. Onlar\u0131n amac\u0327 ve isteklerine daha h\u0131zl\u0131 ve fark edilir bir bic\u0327imde ulas\u0327malar\u0131n\u0131 amac\u0327 edinmektedir.<br \/>\nFilmsan Digital kaliteyi ve mu\u0308s\u0327teri memnuniyetini o\u0308n planda tutan profesyonel bir ekibe sahiptir.<br \/>\nFilmsan Digital\u2019in yenilikc\u0327i du\u0308nyas\u0131na bekliyoruz.<br \/>\n<\/p>\t\t\t\t\t\t\n\t\t\t\t\t<\/div>\n\t\t\t\t<\/div><br \/>\n<\/div><\/div>\n","protected":false},"excerpt":{"rendered":"","protected":false},"author":1,"featured_media":0,"parent":0,"menu_order":0,"comment_status":"open","ping_status":"open","template":"homepage-template.php","meta":{"spay_email":""},"_links":{"self":[{"href":"https:\/\/filmsandigital.com\/index.php?rest_route=\/wp\/v2\/pages\/1006"}],"collection":[{"href":"https:\/\/filmsandigital.com\/index.php?rest_route=\/wp\/v2\/pages"}],"about":[{"href":"https:\/\/filmsandigital.com\/index.php?rest_route=\/wp\/v2\/types\/page"}],"author":[{"embeddable":true,"href":"https:\/\/filmsandigital.com\/index.php?rest_route=\/wp\/v2\/users\/1"}],"replies":[{"embeddable":true,"href":"https:\/\/filmsandigital.com\/index.php?rest_route=%2Fwp%2Fv2%2Fcomments&post=1006"}],"version-history":[{"count":46,"href":"https:\/\/filmsandigital.com\/index.php?rest_route=\/wp\/v2\/pages\/1006\/revisions"}],"predecessor-version":[{"id":2443,"href":"https:\/\/filmsandigital.com\/index.php?rest_route=\/wp\/v2\/pages\/1006\/revisions\/2443"}],"wp:attachment":[{"href":"https:\/\/filmsandigital.com\/index.php?rest_route=%2Fwp%2Fv2%2Fmedia&parent=1006"}],"curies":[{"name":"wp","href":"https:\/\/api.w.org\/{rel}","templated":true}]}}